(8). Suppose m = -r - 5*l + 4, 4*r - 3 - 49 = -2*l. What is the remainder when 55 is divided by r?
13
Suppose 2*z = -0*z + 74. Calculate the remainder when 108 is divided by z.
34
Let b(m) = -m**3 + 6*m**2 - 2*m - 1. Let x(f) = f - 1. Calculate the remainder when b(4) is divided by x(9).
7
Suppose 2*q + 4*d = 24, 2*d + 25 = 2*q + 7*d. What is the remainder when 37 is divided by q?
7
Let d(k) = -20*k + 2. Let s = 14 + -15. What is the remainder when 85 is divided by d(s)?
19
Suppose 3*y + 30 - 108 = 5*k, -3*y = 2*k - 57. Suppose -366 = 5*u + 109. Let f = 135 + u. Calculate the remainder when f is divided by y.
19
Suppose -3*j - 275 = -8*j. Calculate the remainder when j is divided by 14.
13
Suppose -14 = 17*g - 18*g. What is the remainder when 41 is divided by g?
13
Suppose 30 = 5*l - 0. Let v = 20 - l. What is the remainder when 26 is divided by v?
12
Let j = -40 + 60. Let u = j + -6. Calculate the remainder when 39 is divided by u.
11
Suppose -n + 10 = -0*n. Let v = 6 + 22. Calculate the remainder when v is divided by n.
8
Let h be (-1372)/(-20) + (-2)/(-5). Let v = h - 32. Calculate the remainder when v is divided by 10.
7
Suppose 5*h - 2*y + 26 = 0, -4*h - 20 = -3*y + y. Let z = h - -10. Let d(a) = 2*a**3 + 52*a**2 - 56*a - 48. What is the remainder when d(-27) is divided by z?
2
Suppose -l - 5 = -5*b - 0, -4*l = -3*b + 20. Calculate the remainder when l/((-20)/8) - -33 is divided by 19.
16
Let j(s) = s**3 - 8*s**2 + 11*s - 4. What is the remainder when 94 is divided by j(7)?
22
Let w(t) = -15*t**3 + 8*t**2 - 1 + 0 + 3*t**2 - 10*t**2. Let j = 1 + -2. Calculate the remainder when w(j) is divided by 6.
3
What is the remainder when (-1 + 0)*(-41 - -7) is divided by 18?
16
Let q(g) = -g**3 + 13*g**2 + 30*g + 20. Calculate the remainder when 76 is divided by q(15).
16
Let i = 176 + -141. Calculate the remainder when 242 is divided by i.
32
Suppose 3*r - 22 = -7. Suppose 0 = 3*q - 6*q + 45. Suppose 32 = r*d - k, 2*d + 2*k = 5*d - q. What is the remainder when 20 is divided by d?
6
Suppose w + 47 = 2*o, 0 = -4*o + 7*o + 4*w - 98. Calculate the remainder when 155 is divided by o.
25
Let n(q) = 9*q**3 - q**2 + 1. Suppose -2*h - h - 5*d + 26 = 0, 5*h - 2*d - 2 = 0. Suppose -h*i - 2*i = -12. What is the remainder when n(1) is divided by i?
0
Let q(f) = 2*f**3 + f**2 - f. Let u be q(1). Let c be 0 - 2 - (-10)/u. Suppose -c*n - 4 = -16. Calculate the remainder when 10 is divided by n.
2
What is the remainder when 7 is divided by (-3 - 2 - -1) + 7?
1
Let c(h) = 2 + 0 - 7*h - 4. What is the remainder when 23 is divided by c(-2)?
11
Suppose -5*c + 3*c = -90. Calculate the remainder when c is divided by 24.
21
Let h = 6 - 5. Let w(v) = 28*v**3 + 2*v**2 - v. What is the remainder when w(h) is divided by 10?
9
Suppose 4*h - f - 4*f - 47 = 0, 12 = 3*h + 4*f. Calculate the remainder when (h + -3)*(-1 - -5) is divided by 11.
9
Let s = 25 - -33. Calculate the remainder when s is divided by 20.
18
Suppose -33 = -3*v + 3*m, 4*v - 5*m - 45 = -0*m. Calculate the remainder when 48 is divided by v.
8
Suppose 2*a - 16 = -4*k, k + 66 = 5*a - 2*k. What is the remainder when 21 is divided by a?
9
Let n = -10 + 7. Let c(k) = 30*k**2 + k. What is the remainder when c(-1) is divided by 0 - (1 - 13) - n?
14
Suppose i = 3*i - 8. Calculate the remainder when 7 is divided by i.
3
Let u be (10/(-25))/(3/(-30)). Let g = 311 - 222. Suppose 23 + g = u*t + 5*d, -t + 19 = -d. Calculate the remainder when 67 is divided by t.
21
Suppose 12*l = 3*l + 234. What is the remainder when 1 - -5*(0 + 10) is divided by l?
25
Let y(k) = 3*k - 1. Let i be y(6). Let h = -2 + i. Suppose s - 3*s + 16 = 0. Calculate the remainder when h is divided by s.
7
Suppose 2*l - 44 = 16. What is the remainder when l is divided by 8?
6
Let d(g) = 3*g - 6. Let u(x) = -x**2 - 10*x + 1. Let h be u(-9). Let f = h + -5. Calculate the remainder when 25 is divided by d(f).
7
Let u(h) = -h**3 + 5*h**2 - 4*h + 6. Let s be u(3). Suppose -x = -p + 59, 0 = -2*x + 5*x + s. What is the remainder when p is divided by 19?
17
Let g(d) = d**3 - 5*d**2 - 3*d + 12. Calculate the remainder when g(6) is divided by 16.
14
Suppose 2*j - 4*d = 6*j - 40, 0 = -3*j + 4*d - 5. Let w = -2 + j. Let f(y) = y**3 + 5*y**2 - 5*y + 8. What is the remainder when w is divided by f(-6)?
1
Suppose 2*k + 3 = 4*y + 1, 0 = -5*y + 10. Suppose 2*b + 14 = k*b. What is the remainder when 54 is divided by b?
12
Let p(d) = d**3 - d**2 - 3*d + 3. What is the remainder when p(4) is divided by 14?
11
Let i(f) = -f**3 + 5*f**2 + f + 6. Let u be (8/(-12))/(2/(-9)). Suppose -2*v + 98 = 5*d, 4*d - 65 = -u*v + 12. What is the remainder when d is divided by i(5)?
9
Let d(y) = -2*y + 7. Let s be d(5). Let p(b) = -b. Let n(w) = -w**2 + w - 4. Let r(l) = -n(l) + p(l). Calculate the remainder when 55 is divided by r(s).
17
Let r(h) = -2*h**3 - 19*h**2 + 10*h + 11. What is the remainder when 76 is divided by r(-10)?
10
Let v(n) = n**2 + 5*n - 7. Calculate the remainder when v(3) is divided by 5.
2
What is the remainder when 3/2*26/3 is divided by 4?
1
Let h(t) = -2*t. Calculate the remainder when (1 + -3)/((-2)/14) is divided by h(-2).
2
Suppose 0 = -0*x + 3*x - 288. What is the remainder when x is divided by 33?
30
Suppose q = -j + 14 + 7, 0 = 5*j - 3*q - 121. Let u = -15 + j. What is the remainder when 23 is divided by u?
7
Suppose -q + 86 = 5*m, 0 = m + 2*m - 2*q - 49. What is the remainder when 152 is divided by m?
16
Let p be (-1 - -1) + (21 - -8). Let b = 52 - p. Calculate the remainder when 44 is divided by b.
21
Suppose -2*c + 4*t + 6 = 0, 5*c + 23 = 2*t + 62. What is the remainder when 6/4*(-150)/(-9) is divided by c?
7
Suppose -4*m - 24 = -0*m. What is the remainder when -3*12/8*m is divided by 14?
13
Suppose -2*p - 3*p + 20 = 0. Suppose -427 - 9 = -p*o. What is the remainder when o is divided by 28?
25
Let o(y) = y + 63. Calculate the remainder when o(0) is divided by 16.
15
What is the remainder when 41 is divided by (3 - (-92)/(-28)) + 228/14?
9
Let j(v) = -v**3 + 9*v**2 - 7*v + 6. Calculate the remainder when j(6) is divided by (0 - -27) + (18 - 20).
22
Suppose 2*g - 118 = g. Calculate the remainder when g is divided by 30.
28
Suppose 2*r - 91 = -3*p, -3*r + 4*r = p + 58. Suppose 6*o = 3*o + 12. Suppose 0*d + 72 = o*d. Calculate the remainder when r is divided by d.
17
Let d(c) = -c**2 + 7*c. Suppose -5*i + 3*v = -31, 3*v - 12 = -4*i - v. Suppose 0 = -5*k + 130 + 15. What is the remainder when k is divided by d(i)?
9
Let v(t) = -4*t + 3. What is the remainder when 61 is divided by v(-2)?
6
Suppose 6*w = w. Suppose 0 = -2*l, 8 = 2*y - w*y + 2*l. Calculate the remainder when 5 is divided by y.
1
What is the remainder when 296*-2*(-3)/12 is divided by 39?
31
Let x(r) = r**2 + 6*r - 8. Let z be x(-6). Suppose -5*h - 1 + 26 = 5*p, -3*h = 5*p - 21. What is the remainder when 2/(-1) - (-2 + z) is divided by p?
2
Let v(j) = j**2 - 9*j. Calculate the remainder when 38/4*2 - 0 is divided by v(10).
9
Let v(y) = -17*y - 1. What is the remainder when 28 is divided by v(-1)?
12
Suppose -327*b + 62 = -326*b. Let j(k) = k**2 - 2*k + 6. What is the remainder when b is divided by j(5)?
20
Let s(n) = 1 - n - 3*n + 3*n + 0. What is the remainder when 46 is divided by s(-11)?
10
Let u = -11 - -9. What is the remainder when (1/u)/((-9)/630) is divided by 9?
8
Let u = 64 - 35. Let a = 65 - u. Calculate the remainder when 70 is divided by a.
34
Let r(d) = d**2 - 9*d - 4. Let y be r(6). Let a = 40 + y. Calculate the remainder when a is divided by 7.
4
Let s = 17 + -11. What is the remainder when 29 is divided by s?
5
What is the remainder when -4 - (-26 - (0 + 3)) is divided by 13?
12
What is the remainder when 53 is divided by (5 - (-1254)/54) + (-2)/9?
25
Let i(c) = -c - 5. Let u be 16/(-2) + 1 + -2. Let t be i(u). Suppose -n + t*l + 3 = 0, -3 - 12 = -3*l. Calculate the remainder when 45 is divided by n.
22
Let t(z) = z**2 + 8*z + 6. Let h be t(-5). Let i = 14 + h. Suppose i*x = 30 + 15. Calculate the remainder when 26 is divided by x.
8
Suppose 7*o + 18 = -31. Let r be (-4)/18 - 276/(-27). Let n = o + r. Calculate the remainder when 4 is divided by n.
1
Let t(a) = 5*a**3 - 2*a**2 + 2*a - 1. Calculate the remainder when 66 is divided by t(2).
31
Suppose -t + l = 6, 5*t = -2*l - 